01, 349, 701
List the prime factors of 19522898.
2, 9761449
What are the prime factors of 829914384?
2, 3, 13, 263, 389
List the prime factors of 1442470991.
13, 29, 43, 101, 881
What are the prime factors of 82894896?
2, 3, 7, 82237
List the prime factors of 434583347.
11, 39507577
List the prime factors of 366124658.
2, 463, 395383
List the prime factors of 41332398.
2, 3, 6888733
What are the prime factors of 71268406?
2, 11, 3239473
List the prime factors of 292727131.
17, 29, 593767
List the prime factors of 31236714.
2, 3, 23, 197, 383
List the prime factors of 19023006.
2, 3, 479, 6619
List the prime factors of 1738011462.
2, 3, 11, 317, 83071
List the prime factors of 151898975.
5, 6075959
List the prime factors of 136160661.
3, 7, 13, 43, 1657
List the prime factors of 630804975.
3, 5, 17, 494749
What are the prime factors of 75687560?
2, 5, 13, 59, 2467
List the prime factors of 123214314.
2, 3, 20535719
What are the prime factors of 159413056?
2, 11, 367, 617
List the prime factors of 2414504308.
2, 599, 1007723
What are the prime factors of 23796351?
3, 2644039
What are the prime factors of 75090962?
2, 397, 94573
List the prime factors of 783291255.
3, 5, 52219417
List the prime factors of 49791377.
43, 47, 71, 347
List the prime factors of 90210344.
2, 7, 1610899
What are the prime factors of 563787?
3, 7, 19, 157
List the prime factors of 354205761.
3, 7, 13, 17, 10903
What are the prime factors of 2178406427?
29, 75117463
What are the prime factors of 4171366457?
19, 23, 9545461
What are the prime factors of 4813230796?
2, 11, 571, 191579
What are the prime factors of 355144269?
3, 118381423
List the prime factors of 161309183.
7, 19, 1212851
What are the prime factors of 985706503?
61, 2383, 6781
What are the prime factors of 29291358?
2, 3, 757, 6449
What are the prime factors of 53412353?
719, 74287
List the prime factors of 4245284462.
2, 79, 103, 260863
What are the prime factors of 47868364?
2, 11967091
What are the prime factors of 136492040?
2, 5, 3412301
List the prime factors of 248872094.
2, 124436047
List the prime factors of 13692093.
3, 409, 11159
What are the prime factors of 631156599?
3, 127, 552193
What are the prime factors of 894679654?
2, 11, 31, 1311847
What are the prime factors of 27122984?
2, 7, 484339
What are the prime factors of 11160858?
2, 3, 1860143
List the prime factors of 20949806.
2, 10474903
List the prime factors of 5629899533.
5629899533
What are the prime factors of 54479780?
2, 5, 2723989
What are the prime factors of 49665408?
2, 3, 13, 9949
List the prime factors of 77954304.
2, 3, 101503
What are the prime factors of 1057256816?
2, 7, 11, 191, 4493
List the prime factors of 4055990034.
2, 3, 79, 8556941
What are the prime factors of 53800400?
2, 5, 19, 7079
List the prime factors of 340637636.
2, 17, 23, 433, 503
What are the prime factors of 27704855?
5, 31, 47, 3803
What are the prime factors of 217830819?
3, 43, 401, 4211
List the prime factors of 101619020.
2, 5, 37, 53, 2591
What are the prime factors of 286689298?
2, 7, 2925401
What are the prime factors of 340482088?
2, 449, 94789
List the prime factors of 268162642.
2, 11, 2309, 5279
List the prime factors of 396699038.
2, 421, 471139
List the prime factors of 184914850.
2, 5, 59, 62683
List the prime factors of 388396262.
2, 23, 8443397
List the prime factors of 2264818384.
2, 103, 563, 2441
What are the prime factors of 1302093549?
3, 23, 698923
What are the prime factors of 59180786?
2, 7, 263, 16073
What are the prime factors of 48467145?
3, 5, 3231143
What are the prime factors of 589775802?
2, 3, 7, 11, 1276571
What are the prime factors of 309857180?
2, 5, 15492859
What are the prime factors of 6197680213?
57791, 107243
What are the prime factors of 23978734?
2, 13, 61, 1163
List the prime factors of 60227148.
2, 3, 5018929
What are the prime factors of 8805124?
2, 2201281
What are the prime factors of 272802579?
3, 7, 1571, 8269
What are the prime factors of 567163?
197, 2879
List the prime factors of 34356581.
7, 89, 55147
What are the prime factors of 296214474?
2, 3, 49369079
List the prime factors of 429123585.
3, 5, 11, 29, 89681
What are the prime factors of 419410531?
419410531
List the prime factors of 3496672983.
3, 67, 727, 23929
List the prime factors of 5127213568.
2, 3109, 3221
List the prime factors of 78337684.
2, 19, 1030759
List the prime factors of 2014082619.
3, 601, 1117073
What are the prime factors of 675233916?
2, 3, 7, 164051
List the prime factors of 1529438.
2, 764719
What are the prime factors of 2990745237?
3, 257, 3879047
What are the prime factors of 219205284?
2, 3, 157, 116351
List the prime factors of 75293033.
257, 292969
What are the prime factors of 17562924?
2, 3, 41, 73, 163
What are the prime factors of 7694567344?
2, 577, 833467
What are the prime factors of 33231769?
33231769
List the prime factors of 6703654667.
34439, 194653
List the prime factors of 587305725.
3, 5, 947, 8269
List the prime factors of 8850812.
2, 17, 73, 1783
What are the prime factors of 1813307582?
2, 643, 1410037
What are the prime factors of 53955504?
2, 3, 124897
What are the prime factors of 5445822121?
223, 3323, 7349
List the prime factors of 76333937.
76333937
List the prime factors of 299429972.
2, 74857493
What are the prime factors of 152081168?
2, 19, 53, 9439
What are the prime factors of 128824791?
3, 47, 347, 2633
List the prime factors of 498209644.
2, 124552411
List the prime factors of 281765139.
3, 193, 486641
List the prime factors of 2533709085.
3, 5, 503, 335813
What are the prime factors of 44700129?
3, 61, 81421
What are the prime factors of 52321123?
53, 987191
List the prime factors of 613370356.
2, 103, 1488763
List the prime factors of 1256728481.
83, 241, 62827
List the prime factors of 67910512.
2, 17, 249671
List the prime factors of 5522390125.
5, 7, 6311303
List the prime factors of 3258757073.
11, 13, 22788511
What are the prime factors of 1356320702?
2, 11, 5604631
List the prime factors of 1203596224.
2, 59, 318749
What are the prime factors of 410299903?
13, 613, 51487
What are the prime factors of 73024396?
2, 83, 219953
List the prime factors of 46881719.
29, 1616611
What are the prime factors of 75902444?
2, 179, 227, 467
List the prime factors of 439763370.
2, 3, 5, 2837, 5167
List the prime factors of 127173828.
2, 3, 1291, 8209
List the prime factors of 41318172.
2, 3, 7, 59, 397
List the prime factors of 95787951.
3, 7, 4561331
List the prime factors of 230081092.
2, 4451, 12923
What are the prime factors of 304081345?
5, 829, 73361
What are the prime factors of 652394464?
2, 2521, 8087
What are the prime factors of 518010081?
3, 172670027
What are the prime factors of 31901010?
2, 3, 5, 17, 71, 881
List the prime factors of 3957657875.
5, 83, 381461
List the prime factors of 113635882.
2, 56817941
What are the prime factors of 101441402?
2, 50720701
What are the prime factors of 269469125?
5, 17, 173, 733
What are the prime factors of 107406866?
2, 7, 227, 33797
List the prime factors of 198382136.
2, 24797767
What are the prime factors of 52004292?
2, 3, 17, 19, 13417
List the prime factors of 6330494311.
149, 42486539
List the prime factors of 79821855.
3, 5, 61, 359
List the prime factors of 5156163961.
13, 396627997
What are the prime factors of 224833943?
224833943
List the prime factors of 35034761.
89, 393649
What are the prime factors of 368345700?
2, 3, 5, 83, 4931
List the prime factors of 392790850.
2, 5, 67, 117251
List the prime factors of 3365181543.
3, 23, 1153, 42299
List the prime factors of 15876374.
2, 43, 184609
List the prime factors of 947163081.
3, 315721027
What are the prime factors of 23317462?
2, 7, 1665533
What are the prime factors of 1345398086?
2, 317, 2122079
List the prime factors of 400596606.
2, 3, 22255367
What are the prime factors of 12391368?
2, 3, 11, 17, 251
What are the prime factors of 4311322257?
3, 11, 73, 233, 7681
List the prime factors of 10297709.
337, 30557
What are the prime factors of 173990422?
2, 61, 1426151
What are the prime factors of 1457550794?
2, 7, 17, 6124163
List the prime factors of 24696362.
2, 43, 287167
List the prime factors of 1205180488.
2, 19, 1753, 4523
What are the prime factors of 613422